{"id":367,"date":"2018-06-20T20:02:27","date_gmt":"2018-06-20T18:02:27","guid":{"rendered":"https:\/\/haus-nahetal.de\/?page_id=367"},"modified":"2025-10-04T11:07:56","modified_gmt":"2025-10-04T09:07:56","slug":"anfahrt","status":"publish","type":"page","link":"https:\/\/haus-nahetal.de\/?page_id=367","title":{"rendered":"Anfahrt"},"content":{"rendered":"<p><a href=\"https:\/\/www.google.de\/maps\/place\/Haus+Nahetal+***Ferienwohnung\/@49.5661535,7.0852033,17z\/data=!3m1!4b1!4m5!3m4!1s0x479593f27faef2ed:0xe4d9e7a426ee4334!8m2!3d49.56615!4d7.087392?hl=de\" target=\"_blank\" rel=\"noopener noreferrer\">Anfahrt:<\/a><\/p>\n<p>PKW und Motorrad:<\/p>\n<p>Von der A 62 kommend:<\/p>\n<p>Nehmen Sie die Ausfahrt T\u00fcrkism\u00fchle\/Bostalsee, fahren Sie links in den Ort T\u00fcrkism\u00fchle, im Kreisverkehr nehmen Sie die 1. Ausfahrt Richtung Gonnesweiler.<\/p>\n<p>In Gonnesweiler biegen Sie in die 2. Stra\u00dfe rechts ab, in die S\u00f6terner Stra\u00dfe und sofort links in die Kirchstra\u00dfe.<\/p>\n<p>Nach der Kirche rechts in die Fr\u00fchlingstra\u00dfe, nach ca. 200 Meter haben Sie die <a href=\"https:\/\/haus-nahetal.de\/\" target=\"_blank\" rel=\"noopener noreferrer\">Ferienwohnung<\/a> erreicht, das Haus befindet sich auf der rechten Seite.<\/p>\n<p>Sie k\u00f6nnen direkt vor dem Haus auf Privatgrund kostenfrei parken.<\/p>\n<p>Unseren G\u00e4sten mit Motorr\u00e4dern bieten wir einen abschlie\u00dfbaren Raum &#8211; kostenfrei<\/p>\n<p>F\u00fcr einen Routenplaner klicken Sie bitte auf den Link <a href=\"https:\/\/www.google.de\/maps\/place\/Haus+Nahetal+***Ferienwohnung\/@49.5661535,7.0852033,17z\/data=!3m1!4b1!4m5!3m4!1s0x479593f27faef2ed:0xe4d9e7a426ee4334!8m2!3d49.56615!4d7.087392?hl=de\" target=\"_blank\" rel=\"noopener noreferrer\">Anfahrt<\/a>.<\/p>\n<p><strong>Googlemaps<\/strong><\/p>\n<p>Zur Darstellung unseres Standorts verwenden wir eine Anzeige der Google Inc., 1600 Amphitheatre Parkway, Mountain View, CA 94043, USA (\u201cGoogle\u201d). Hierf\u00fcr wird die Google Static Maps JavaScript API verwendet. Bei der Darstellung werden Daten, inklusive Ihrer IP-Adresse und Ihres Standortes an Server von Google in den USA \u00fcbertragen und dort gespeichert. Google beachtet die Datenschutzbestimmungen des \u201eEU-US-Privacy-Shield\u201c-Abkommens und ist beim \u201eEU-US-Privacy-Shield\u201c-Programm des US-Handelsministeriums registriert. Weitere Informationen dar\u00fcber, wie Google die Daten nutzt und gegebenenfalls weitergibt k\u00f6nnen Sie der Datenschutzerkl\u00e4rung von Google unter folgendem Link entnehmen: <a href=\"http:\/\/www.google.com\/policies\/privacy\/\" target=\"_blank\" rel=\"noopener noreferrer\">http:\/\/www.google.com\/policies\/privacy\/<\/a><\/p>\n<p><strong>\u00c4nderung<\/strong> der Zust\u00e4ndigkeit von Google ab 22.01.2019 ist f\u00fcr die EU\/EWR &amp; Schweiz Google Irland zust\u00e4ndig:<\/p>\n<p><em><a href=\"http:\/\/&quot;Google Ireland Limited, Gordon House, Barrow Street, Dublin 4, Irland&quot;.\" target=\"_blank\" rel=\"noopener noreferrer\">&#8222;Google Ireland Limited, Gordon House, Barrow Street, Dublin 4, Irland&#8220;.<\/a> <\/em><\/p>\n<p><a href=\"https:\/\/www.google.de\/maps\/place\/Haus+Nahetal+***Ferienwohnung\/@49.5661535,7.0852033,17z\/data=!3m1!4b1!4m5!3m4!1s0x479593f27faef2ed:0xe4d9e7a426ee4334!8m2!3d49.56615!4d7.087392?hl=de\" target=\"_blank\" rel=\"noopener noreferrer\">Anfahrt:<\/a><\/p>\n<p>FAHRRAD:<\/p>\n<p>Wenn Sie mit \u00f6ffentlichen Verkehrsmitteln anreisen k\u00f6nnen Sie sich hier zu den aktuellen Fahrpl\u00e4nen informieren, sowohl \u00fcber:<\/p>\n<p><a href=\"http:\/\/www.saarfahrplan.de\/\" target=\"_blank\" rel=\"noopener noreferrer\">http:\/\/www.saarfahrplan.de\/<\/a><\/p>\n<p>oder:<\/p>\n<p><a href=\"https:\/\/saarvv.de\/\" target=\"_blank\" rel=\"noopener noreferrer\">\u00d6PNV &#8211; Saarl\u00e4ndischer Verkehrsverbund<\/a><\/p>\n<p>Wenn Sie am Bahnhof T\u00fcrkism\u00fchle ankommen, verlassen Sie das Bahnhofsgel\u00e4nde, biegen Sie links auf die Saarbr\u00fccker Str. ab, im Kreisverkehr geradeaus Richtung Gonnesweiler.<\/p>\n<p>In Gonnesweiler biegen Sie in die 2. Stra\u00dfe rechts ab in die S\u00f6terner Stra\u00dfe und sofort links in die Kirchstra\u00dfe.<\/p>\n<p>Nach der Kirche rechts in die Fr\u00fchlingstra\u00dfe, nach ca. 200 Meter haben Sie die <a href=\"https:\/\/haus-nahetal.de\/\" target=\"_blank\" rel=\"noopener noreferrer\">Ferienwohnung<\/a> erreicht, das Haus befindet sich auf der rechten Seite.<\/p>\n<p>Wir bieten unseren G\u00e4sten mit Fahrr\u00e4dern folgende Serviceleistungen:<\/p>\n<ul>\n<li>Abschlie\u00dfbarer Raum zur Aufbewahrung der Fahrr\u00e4der \u00fcber Nacht<\/li>\n<li>Raum zum Trocknen von Kleidung und Ausr\u00fcstung<\/li>\n<li>Handt\u00fccher und Bettw\u00e4sche<\/li>\n<\/ul>\n<p>F\u00fcr Fragen stehen wir Ihnen gerne zur Verf\u00fcgung:<\/p>\n<ul>\n<li><a href=\"https:\/\/www.google.de\/maps\/place\/Haus+Nahetal+***Ferienwohnung\/@49.5661535,7.0852033,17z\/data=!3m1!4b1!4m5!3m4!1s0x479593f27faef2ed:0xe4d9e7a426ee4334!8m2!3d49.56615!4d7.087392?hl=de\" target=\"_blank\" rel=\"noopener noreferrer\">Anreise<\/a><\/li>\n<li>Einkaufsm\u00f6glichkeiten<\/li>\n<li><a href=\"https:\/\/www.bostalsee.de\/aktiv\/radfahren\/fahrrad-reparatur\" target=\"_blank\" rel=\"noopener\">Fahrrad Reparaturen<\/a><\/li>\n<li><a href=\"https:\/\/www.bostalsee.de\/aktiv\/radfahren\/fahrrad-verleih\">Fahrrad Verleih<\/a><\/li>\n<li><a href=\"https:\/\/www.goingelectric.de\/stromtankstellen\/Deutschland\/Tuerkismuehle\/Bahnhof-Tuerkismuehle-Saarbruecker-Str-16a\/3716\/\" target=\"_blank\" rel=\"noopener noreferrer\">Ladestation f\u00fcr E-Autos am Bahnhof in T\u00fcrkism\u00fchle<\/a><\/li>\n<li><a href=\"https:\/\/www.goingelectric.de\/stromtankstellen\/Deutschland\/Nohfelden\/Bostalsee-Am-Seehafen-4\/51026\/\" target=\"_blank\" rel=\"noopener\">Ladestation f\u00fcr E-Autos am Bostalsee<\/a><\/li>\n<li><a href=\"https:\/\/www.bostalsee.de\/aktiv\/radfahren\/e-bike-ladestationen\" target=\"_blank\" rel=\"noopener\">Ladestation f\u00fcr E-Bikes im Landkreis Sankt Wendel<\/a><\/li>\n<li>M\u00f6glichkeit zum Gep\u00e4cktransfer durch Taxiunternehmen &#8211;<\/li>\n<\/ul>\n<p>TAXI Hartmann Tel: 06852 &#8211; 342<\/p>\n<p>Fahrservice Seibert Tel: 06852 &#8211; 902 05 15<\/p>\n<p><strong>\u00a0<\/strong><\/p>\n<p>&nbsp;<\/p>\n","protected":false},"excerpt":{"rendered":"<p>Anfahrt: PKW und Motorrad: Von der A 62 kommend: Nehmen Sie die Ausfahrt T\u00fcrkism\u00fchle\/Bostalsee, fahren Sie links in den Ort T\u00fcrkism\u00fchle, im Kreisverkehr nehmen Sie die 1. Ausfahrt Richtung Gonnesweiler. In Gonnesweiler biegen Sie in die 2. Stra\u00dfe rechts ab, in die S\u00f6terner Stra\u00dfe und sofort links in die Kirchstra\u00dfe. Nach der Kirche rechts in &hellip; <\/p>\n<p class=\"link-more\"><a href=\"https:\/\/haus-nahetal.de\/?page_id=367\" class=\"more-link\"><span class=\"screen-reader-text\">\u201eAnfahrt\u201c <\/span>weiterlesen<\/a><\/p>\n","protected":false},"author":1,"featured_media":0,"parent":0,"menu_order":0,"comment_status":"closed","ping_status":"closed","template":"","meta":{"footnotes":""},"class_list":["post-367","page","type-page","status-publish","hentry"],"aioseo_notices":[],"_links":{"self":[{"href":"https:\/\/haus-nahetal.de\/index.php?rest_route=\/wp\/v2\/pages\/367","targetHints":{"allow":["GET"]}}],"collection":[{"href":"https:\/\/haus-nahetal.de\/index.php?rest_route=\/wp\/v2\/pages"}],"about":[{"href":"https:\/\/haus-nahetal.de\/index.php?rest_route=\/wp\/v2\/types\/page"}],"author":[{"embeddable":true,"href":"https:\/\/haus-nahetal.de\/index.php?rest_route=\/wp\/v2\/users\/1"}],"replies":[{"embeddable":true,"href":"https:\/\/haus-nahetal.de\/index.php?rest_route=%2Fwp%2Fv2%2Fcomments&post=367"}],"version-history":[{"count":13,"href":"https:\/\/haus-nahetal.de\/index.php?rest_route=\/wp\/v2\/pages\/367\/revisions"}],"predecessor-version":[{"id":991,"href":"https:\/\/haus-nahetal.de\/index.php?rest_route=\/wp\/v2\/pages\/367\/revisions\/991"}],"wp:attachment":[{"href":"https:\/\/haus-nahetal.de\/index.php?rest_route=%2Fwp%2Fv2%2Fmedia&parent=367"}],"curies":[{"name":"wp","href":"https:\/\/api.w.org\/{rel}","templated":true}]}}