{"id":25,"date":"2018-06-13T18:34:07","date_gmt":"2018-06-13T16:34:07","guid":{"rendered":"https:\/\/haus-nahetal.de\/?page_id=25"},"modified":"2025-10-04T11:02:05","modified_gmt":"2025-10-04T09:02:05","slug":"kueche","status":"publish","type":"page","link":"https:\/\/haus-nahetal.de\/?page_id=25","title":{"rendered":"K\u00fcche"},"content":{"rendered":"<p><img loading=\"lazy\" decoding=\"async\" class=\"aligncenter size-full wp-image-792\" src=\"https:\/\/haus-nahetal.de\/wp-content\/uploads\/2022\/06\/FW-Nahetal-Gonnesweiler-Fruehlingstrasse-27-1.jpg\" alt=\"\" width=\"2365\" height=\"1773\" srcset=\"https:\/\/haus-nahetal.de\/wp-content\/uploads\/2022\/06\/FW-Nahetal-Gonnesweiler-Fruehlingstrasse-27-1.jpg 2365w, https:\/\/haus-nahetal.de\/wp-content\/uploads\/2022\/06\/FW-Nahetal-Gonnesweiler-Fruehlingstrasse-27-1-300x225.jpg 300w, https:\/\/haus-nahetal.de\/wp-content\/uploads\/2022\/06\/FW-Nahetal-Gonnesweiler-Fruehlingstrasse-27-1-1024x768.jpg 1024w, https:\/\/haus-nahetal.de\/wp-content\/uploads\/2022\/06\/FW-Nahetal-Gonnesweiler-Fruehlingstrasse-27-1-768x576.jpg 768w, https:\/\/haus-nahetal.de\/wp-content\/uploads\/2022\/06\/FW-Nahetal-Gonnesweiler-Fruehlingstrasse-27-1-1536x1152.jpg 1536w, https:\/\/haus-nahetal.de\/wp-content\/uploads\/2022\/06\/FW-Nahetal-Gonnesweiler-Fruehlingstrasse-27-1-2048x1535.jpg 2048w\" sizes=\"auto, (max-width: 767px) 89vw, (max-width: 1000px) 54vw, (max-width: 1071px) 543px, 580px\" \/><\/p>\n<figure id=\"attachment_377\" aria-describedby=\"caption-attachment-377\" style=\"width: 567px\" class=\"wp-caption aligncenter\"><img loading=\"lazy\" decoding=\"async\" class=\"size-full wp-image-377\" src=\"https:\/\/haus-nahetal.de\/wp-content\/uploads\/2018\/07\/ku\u00a6\u00eache1.jpg\" alt=\"\" width=\"567\" height=\"370\" srcset=\"https:\/\/haus-nahetal.de\/wp-content\/uploads\/2018\/07\/ku\u00a6\u00eache1.jpg 567w, https:\/\/haus-nahetal.de\/wp-content\/uploads\/2018\/07\/ku\u00a6\u00eache1-300x196.jpg 300w\" sizes=\"auto, (max-width: 567px) 100vw, 567px\" \/><figcaption id=\"caption-attachment-377\" class=\"wp-caption-text\">In der gut ausgestatteten Einbauk\u00fcche mit K\u00fchlschrank, Mikrowelle, Backofen, Cerankochfeld, Sp\u00fclmaschine, Kaffeemaschine, Wasserkocher, Toaster f\u00e4llt das Kochen leicht. \u00a0<a href=\"https:\/\/www.bostalsee.de\/genuss\/online-gastrofuehrer#\/pois\" target=\"_blank\" rel=\"noopener\"><span style=\"color: #808080;\">Oder sie gehen einfach essen, klicken Sie hier und Sie bekommen Informationen zu ihren M\u00f6glichkeiten zum Angebot der Gastronomie:<\/span><\/a><\/figcaption><\/figure>\n<p>&nbsp;<\/p>\n<p>&nbsp;<\/p>\n<p>&nbsp;<\/p>\n<p>&nbsp;<\/p>\n<p>&nbsp;<\/p>\n<p>&nbsp;<\/p>\n<p>&nbsp;<\/p>\n<p>&nbsp;<\/p>\n","protected":false},"excerpt":{"rendered":"<p>&nbsp; &nbsp; &nbsp; &nbsp; &nbsp; &nbsp; &nbsp; &nbsp;<\/p>\n","protected":false},"author":1,"featured_media":0,"parent":0,"menu_order":0,"comment_status":"closed","ping_status":"closed","template":"","meta":{"footnotes":""},"class_list":["post-25","page","type-page","status-publish","hentry"],"aioseo_notices":[],"_links":{"self":[{"href":"https:\/\/haus-nahetal.de\/index.php?rest_route=\/wp\/v2\/pages\/25","targetHints":{"allow":["GET"]}}],"collection":[{"href":"https:\/\/haus-nahetal.de\/index.php?rest_route=\/wp\/v2\/pages"}],"about":[{"href":"https:\/\/haus-nahetal.de\/index.php?rest_route=\/wp\/v2\/types\/page"}],"author":[{"embeddable":true,"href":"https:\/\/haus-nahetal.de\/index.php?rest_route=\/wp\/v2\/users\/1"}],"replies":[{"embeddable":true,"href":"https:\/\/haus-nahetal.de\/index.php?rest_route=%2Fwp%2Fv2%2Fcomments&post=25"}],"version-history":[{"count":14,"href":"https:\/\/haus-nahetal.de\/index.php?rest_route=\/wp\/v2\/pages\/25\/revisions"}],"predecessor-version":[{"id":988,"href":"https:\/\/haus-nahetal.de\/index.php?rest_route=\/wp\/v2\/pages\/25\/revisions\/988"}],"wp:attachment":[{"href":"https:\/\/haus-nahetal.de\/index.php?rest_route=%2Fwp%2Fv2%2Fmedia&parent=25"}],"curies":[{"name":"wp","href":"https:\/\/api.w.org\/{rel}","templated":true}]}}