{"id":23,"date":"2018-06-13T18:34:07","date_gmt":"2018-06-13T16:34:07","guid":{"rendered":"https:\/\/haus-nahetal.de\/?page_id=23"},"modified":"2023-10-10T13:16:54","modified_gmt":"2023-10-10T11:16:54","slug":"spielzimmer","status":"publish","type":"page","link":"https:\/\/haus-nahetal.de\/?page_id=23","title":{"rendered":"Spielzimmer"},"content":{"rendered":"\r\n<p><img loading=\"lazy\" decoding=\"async\" class=\"aligncenter size-full wp-image-832\" src=\"https:\/\/haus-nahetal.de\/wp-content\/uploads\/2022\/06\/FW-Nahetal-Gonnesweiler-Fruehlingstrasse-27-11-1.jpg\" alt=\"\" width=\"1773\" height=\"2365\" srcset=\"https:\/\/haus-nahetal.de\/wp-content\/uploads\/2022\/06\/FW-Nahetal-Gonnesweiler-Fruehlingstrasse-27-11-1.jpg 1773w, https:\/\/haus-nahetal.de\/wp-content\/uploads\/2022\/06\/FW-Nahetal-Gonnesweiler-Fruehlingstrasse-27-11-1-225x300.jpg 225w, https:\/\/haus-nahetal.de\/wp-content\/uploads\/2022\/06\/FW-Nahetal-Gonnesweiler-Fruehlingstrasse-27-11-1-768x1024.jpg 768w, https:\/\/haus-nahetal.de\/wp-content\/uploads\/2022\/06\/FW-Nahetal-Gonnesweiler-Fruehlingstrasse-27-11-1-1152x1536.jpg 1152w, https:\/\/haus-nahetal.de\/wp-content\/uploads\/2022\/06\/FW-Nahetal-Gonnesweiler-Fruehlingstrasse-27-11-1-1535x2048.jpg 1535w\" sizes=\"auto, (max-width: 767px) 89vw, (max-width: 1000px) 54vw, (max-width: 1071px) 543px, 580px\" \/><\/p>\r\n\r\n<figure id=\"attachment_387\" aria-describedby=\"caption-attachment-387\" style=\"width: 567px\" class=\"wp-caption aligncenter\"><img loading=\"lazy\" decoding=\"async\" class=\"size-full wp-image-387\" src=\"https:\/\/haus-nahetal.de\/wp-content\/uploads\/2018\/07\/spielzi-11.jpg\" alt=\"\" width=\"567\" height=\"418\" srcset=\"https:\/\/haus-nahetal.de\/wp-content\/uploads\/2018\/07\/spielzi-11.jpg 567w, https:\/\/haus-nahetal.de\/wp-content\/uploads\/2018\/07\/spielzi-11-300x221.jpg 300w\" sizes=\"auto, (max-width: 567px) 100vw, 567px\" \/><figcaption id=\"caption-attachment-387\" class=\"wp-caption-text\">Im Spielzimmer findet sich bestimmt eine Besch\u00e4ftigung f\u00fcr unsere kleinen G\u00e4ste<\/figcaption><\/figure>\r\n<p>Das Piratenschiff hat schon zu viele Schlachten geschlagen&#8230; inzwischen gibt es als Ersatz daf\u00fcr ein Spielzelt, auch hier k\u00f6nnen sich die Kinder sch\u00f6n zur\u00fcckziehen und wohlf\u00fchlen.<\/p>\r\n<p><img loading=\"lazy\" decoding=\"async\" class=\"size-full wp-image-378 aligncenter\" src=\"https:\/\/haus-nahetal.de\/wp-content\/uploads\/2018\/07\/spielzi-21.jpg\" alt=\"\" width=\"567\" height=\"415\" srcset=\"https:\/\/haus-nahetal.de\/wp-content\/uploads\/2018\/07\/spielzi-21.jpg 567w, https:\/\/haus-nahetal.de\/wp-content\/uploads\/2018\/07\/spielzi-21-300x220.jpg 300w\" sizes=\"auto, (max-width: 567px) 100vw, 567px\" \/><\/p>\r\n<p><img loading=\"lazy\" decoding=\"async\" class=\"aligncenter size-full wp-image-386\" src=\"https:\/\/haus-nahetal.de\/wp-content\/uploads\/2018\/07\/spielzi-31.jpg\" alt=\"\" width=\"567\" height=\"411\" srcset=\"https:\/\/haus-nahetal.de\/wp-content\/uploads\/2018\/07\/spielzi-31.jpg 567w, https:\/\/haus-nahetal.de\/wp-content\/uploads\/2018\/07\/spielzi-31-300x217.jpg 300w\" sizes=\"auto, (max-width: 567px) 100vw, 567px\" \/><\/p>\r\n<p>Das Spielzelt f\u00fcr unsere kleinen und sehr gesch\u00e4tzten G\u00e4ste.<\/p>\r\n<p><img decoding=\"async\" class=\"thumbnail\" src=\"https:\/\/haus-nahetal.de\/wp-content\/uploads\/2019\/12\/Foto3103.jpg\" alt=\"\" \/><\/p>\r\n<p>Oder Sie erkunden mit ihren Kindern das: <a href=\"https:\/\/bosiland.de\/\" target=\"_blank\" rel=\"noopener\">Bosiland &#8211; Indoor &#8211; Spielplatz<\/a><\/p>","protected":false},"excerpt":{"rendered":"<p>Das Piratenschiff hat schon zu viele Schlachten geschlagen&#8230; inzwischen gibt es als Ersatz daf\u00fcr ein Spielzelt, auch hier k\u00f6nnen sich die Kinder sch\u00f6n zur\u00fcckziehen und wohlf\u00fchlen. Das Spielzelt f\u00fcr unsere kleinen und sehr gesch\u00e4tzten G\u00e4ste. Oder Sie erkunden mit ihren Kindern das: Bosiland &#8211; Indoor &#8211; Spielplatz<\/p>\n","protected":false},"author":1,"featured_media":0,"parent":0,"menu_order":0,"comment_status":"closed","ping_status":"closed","template":"","meta":{"footnotes":""},"class_list":["post-23","page","type-page","status-publish","hentry"],"aioseo_notices":[],"_links":{"self":[{"href":"https:\/\/haus-nahetal.de\/index.php?rest_route=\/wp\/v2\/pages\/23","targetHints":{"allow":["GET"]}}],"collection":[{"href":"https:\/\/haus-nahetal.de\/index.php?rest_route=\/wp\/v2\/pages"}],"about":[{"href":"https:\/\/haus-nahetal.de\/index.php?rest_route=\/wp\/v2\/types\/page"}],"author":[{"embeddable":true,"href":"https:\/\/haus-nahetal.de\/index.php?rest_route=\/wp\/v2\/users\/1"}],"replies":[{"embeddable":true,"href":"https:\/\/haus-nahetal.de\/index.php?rest_route=%2Fwp%2Fv2%2Fcomments&post=23"}],"version-history":[{"count":13,"href":"https:\/\/haus-nahetal.de\/index.php?rest_route=\/wp\/v2\/pages\/23\/revisions"}],"predecessor-version":[{"id":921,"href":"https:\/\/haus-nahetal.de\/index.php?rest_route=\/wp\/v2\/pages\/23\/revisions\/921"}],"wp:attachment":[{"href":"https:\/\/haus-nahetal.de\/index.php?rest_route=%2Fwp%2Fv2%2Fmedia&parent=23"}],"curies":[{"name":"wp","href":"https:\/\/api.w.org\/{rel}","templated":true}]}}